inder when o is divided by m?
8
Let s(p) = p**2 - p + 1. Let j be s(0). Let a = j + 3. Calculate the remainder when (a/10)/((-4)/(-160)) is divided by 6.
4
Let t(i) = i**3 + 11*i**2 + 32*i + 70. Let z(s) = -s**2 + 7*s + 4. Let m be z(6). Suppose m*r = 5*r + 115. What is the remainder when r is divided by t(-8)?
5
Suppose 0 = 4*x - 3*x - 3*l - 11, 0 = 4*x + 2*l - 16. Calculate the remainder when 25 is divided by x.
0
Let f(b) = -b**3 + 14*b**2 - 44*b + 42. What is the remainder when 520 is divided by f(6)?
58
Calculate the remainder when (-1096)/(-22) - (-42)/231 is divided by 14.
8
Suppose 0 = 3*b - 15, 3*k - 5*b = -0*k + 1628. Calculate the remainder when k is divided by 46.
45
Let w(p) = 11*p**2 + 72*p + 547. What is the remainder when w(-7) is divided by 42?
36
Suppose 0 = 18*d + 12 - 102. Suppose d*a = 159 + 1. What is the remainder when a is divided by 14?
4
Suppose -3*r = -20 - 7. Let x(o) = 4*o - 1. Let u be x(1). What is the remainder when r is divided by (2/6)/(u/27)?
0
Let a = -13 - -4. Let u(q) = q**2 + 10*q + 13. Let x be u(a). Suppose 1 = h, -220 = -4*k - x*h - 44. What is the remainder when k is divided by 11?
10
Suppose 2354*s - 2362*s = -280. What is the remainder when 199 is divided by s?
24
Let h(a) = -5*a**3 - a**2 - 2*a - 1. Let u be (-3 - 3/(-3))/2. What is the remainder when -2 - (0/u - 19) is divided by h(-1)?
2
Let u be (0 - 0*2/(-8)) + 3. What is the remainder when 8 is divided by 3 - u - (0 - (4 - 1))?
2
Let a(t) = t**3 + 31*t**2 + 2*t + 167. What is the remainder when a(-31) is divided by 36?
33
Let y(j) = j**3 - 14*j**2 - 13*j - 1. Let k = -37 + 52. Calculate the remainder when 56 is divided by y(k).
27
Suppose 3*p - 2 = 5*l - 19, -22 = -5*l - 2*p. Let y(a) = 3*a**2 - 5*a - 2. Let g be y(l). Calculate the remainder when 26 is divided by 3/9 + g/3.
8
Let b(l) = -l**3 - 5*l**2 - 4*l + 6. Let v be 238/(-22) + (-24)/11 + 2. Let a = 23 - v. Calculate the remainder when b(-6) is divided by a.
32
Suppose 0 = -5*j - 3*h - 109, -7*j = -3*j - h + 77. Let z be (-15 - -12)*(1 + -6). Calculate the remainder when (162/z)/((-4)/j) is divided by 19.
16
Suppose 2346 = 3*n - w, 2*n - 391 - 1173 = -4*w. Calculate the remainder when ((-74)/(-26) - 3) + n/13 is divided by 7.
4
Suppose -457*m = -446*m - 143. What is the remainder when 752 is divided by m?
11
Let r be -4 + 0 - 336/(-4). Let o be r/56 - (-3)/(-7). Suppose 3*g = -u + o, 0*u + 5*g = u - 1. What is the remainder when u is divided by 1?
0
Let b(i) = -5*i. Let w = 79 - 132. Let p = w - -111. Calculate the remainder when p is divided by b(-3).
13
Suppose -3*g + 222 = -u, g + 4*u = 5*g - 304. What is the remainder when g is divided by 19?
16
Let z(d) = -d**3 + 3*d**2 - 2*d + 3. Let c be z(2). Suppose 2*j = 2*a + j - 43, -4*a + c*j = -83. What is the remainder when a is divided by 2 - 2 - 24/(-3)?
7
Suppose 24*y - 1431 = -3*y. What is the remainder when y is divided by 4?
1
Let j be ((-1 - 3) + 6)/((-2)/(-8)). Suppose j = 59*g - 57*g. Calculate the remainder when 14 is divided by g.
2
Let k(a) be the second derivative of -a**3/6 + 53*a**2/2 + 9*a. What is the remainder when 89 is divided by k(22)?
27
Let t(w) = 18*w + 8. What is the remainder when t(2) is divided by 15?
14
Suppose 5*d - 17 = 3*p - 1, 0 = -3*p - 6. Suppose 7*g - 3*g + 49 = 5*b, 2*b = -d*g - 2. What is the remainder when 28/(-6)*(g + 3) is divided by 6?
2
Let o = 0 - -3. Suppose -2*k = k + o, 4*k = -5*v + 66. Let a(j) = j - 2. Calculate the remainder when 33 is divided by a(v).
9
Suppose -427 = 6*u - 13*u. Calculate the remainder when u is divided by 13.
9
Suppose -3*k - 1528 = -3*i + 2*k, -3*i = k - 1534. What is the remainder when i is divided by 27?
25
Suppose -14*q = 4*c - 12*q - 68, -4*c + 80 = 5*q. Calculate the remainder when 606 is divided by c.
6
Let h(q) = -q**3 - 9*q**2 + 12*q - 35. What is the remainder when h(-13) is divided by 54?
53
Let d = -520 - -609. Calculate the remainder when 171 is divided by d.
82
Let i(g) = -2*g + 2 + 0*g**3 + 3*g**3 + 0*g**3 + 15*g**3. Calculate the remainder when 31 is divided by i(1).
13
Let h = 6 + -4. Let g(f) = f**2 - f + 10. Let x be g(0). Let a = h + x. What is the remainder when a is divided by 5?
2
Let r(g) = g**2 - 3*g + 5. Suppose -6 = 2*x - 4*x. Let n(y) = 2*y**2 - 4*y + 6. Let h(o) = x*r(o) - 2*n(o). What is the remainder when 2 is divided by h(-2)?
0
Let r(c) = c**2 - 5*c - 10. Let y be r(7). Let b = 91 - 87. Suppose 0 = 5*z - y*t - 104, 5*z - 2*t = -b*t + 98. What is the remainder when 79 is divided by z?
19
Suppose -6*d - 370 = -16*d. Calculate the remainder when d is divided by 17.
3
Let w = -77 + 178. What is the remainder when w is divided by 15?
11
Let n(o) = 7*o**3 - 4*o**2 - 14*o. Calculate the remainder when n(4) is divided by 30.
28
Suppose 2*g - 5*n - 11 = -0*n, 13 = 5*g + 2*n. Suppose -3*h - g*t = -h - 137, -3*h - t = -188. What is the remainder when h is divided by 13?
9
Suppose -5 + 1 = -4*f. Calculate the remainder when 72 is divided by ((-15)/(-6))/(f/10).
22
Let o = -22 - -27. Suppose 3*j - o*x - 15 = 0, 2*j - 5 = 3*x + 4. Suppose j = -w + 9*w - 120. What is the remainder when 28 is divided by w?
13
Let i = -190 + 191. What is the remainder when 6 is divided by i?
0
Let i = 50 - 46. Calculate the remainder when 70 is divided by (36/20)/(i/20).
7
Let x be (4/10)/(13/(-65)). Let r = 22 + x. What is the remainder when 39 is divided by r?
19
Let b(g) = -14*g**3 + 3*g**2 + 2*g + 3. Let h be b(-2). Calculate the remainder when (-4)/((-12)/h) - -3 is divided by 6.
2
Let p = -183 + 187. What is the remainder when 10 is divided by p?
2
Let l be (-9)/12*-1*280. Suppose -4*w + l = -w. Suppose -29 = -3*x + 5*t, -56 = -3*x - 4*t + 18. What is the remainder when w is divided by x?
16
Let l be 6/4*(-10)/(-5). Suppose a = 3*o - 78, o + 2*a = -l*a + 10. What is the remainder when o is divided by (8 + -4)*(-5)/(-2)?
5
Let n = -33 + -16. Let v = -38 - n. What is the remainder when 53 is divided by v?
9
Suppose 1 = 2*a - 5*r, 33*a + 12 = 36*a - 4*r. Suppose -3*k + 596 = k. Calculate the remainder when k is divided by a.
5
Let m(u) = 5*u**2 + 10*u + 14. Let f be m(-5). Let o = 128 - f. What is the remainder when 116 is divided by o?
38
Let u be (-4 - -2) + 20/4. Suppose -6 + 42 = 2*d - 4*f, 4*d = -u*f + 50. Calculate the remainder when d is divided by 9.
5
Let n(r) = -r**3 - 2*r**2 + 12*r + 11. Suppose -5*f + 24 + 31 = 0. Let k = 18 - f. What is the remainder when n(-5) is divided by k?
5
Let m(k) = -k**3 - k**2 + 9*k + 7. Let h be m(-4). Let x = h - -73. What is the remainder when x is divided by 16?
12
Suppose -4*g - 6 = -2*y - 16, -3*g - 3*y = -30. Suppose -5*q - 4*m + 122 = 0, -75 = -g*q + 4*m + 63. What is the remainder when 48 is divided by q?
22
Let z be ((-2)/3)/(1/(-3)). Let b(d) = -3*d**2 - 4*d + d**3 - z*d**2 + 10*d. What is the remainder when 23 is divided by b(4)?
7
Let p(m) = -2*m**2 - 3. Let j be p(-2). Let d(b) = -b**2 + 11*b + 18. Let u be d(13). Let g = u - j. What is the remainder when g is divided by 3?
0
Let j = 34 - 37. Calculate the remainder when ((-39)/(-15) + j)*-55 is divided by 8.
6
Suppose -3*r = 2*m - 27, 0 = 3*m - 2 - 7. What is the remainder when r is divided by 2/(-3) - 34/(-6)?
2
Calculate the remainder when (-6 + 25 - -10)*3 is divided by 57.
30
Let r = 18 + -21. Calculate the remainder when (-16)/r*(-513)/(-36) is divided by 39.
37
Let n be -1*10/55 + (-6)/(-33). Suppose -4*h + 5*j + 24 + 8 = n, -5*j + 85 = 5*h. What is the remainder when 38 is divided by h?
12
Let c(x) = x**2 + 3*x + 2. What is the remainder when 4/(-18) + (-20 - 326)*(-1)/18 is divided by c(-5)?
7
Let y = 173 + 10. Calculate the remainder when y is divided by 62.
59
Suppose 5*b = -5*o + 570, 122 - 348 = -2*o - 4*b. What is the remainder when o is divided by 33?
16
Let o(a) = 189*a**3 - 3*a**2 + a + 1. Let u be o(1). Suppose -7*y - 20 = -u. What is the remainder when 44 is divided by y?
20
Let g = 983 + -634. What is the remainder when g is divided by 13?
11
Suppose u = 8 - 13. Calculate the remainder when u/(-2) - (-1)/(-2) is divided by 2.
0
Suppose 0 = f - 45 - 40. Suppose -4*k + f = k. Suppose v + 5*m + 6 = 0, 6*m - 3*m - 27 = -4*v. Calculate the remainder when k is divided by v.
8
Suppose 2 + 13 = 5*m, -4*w = m - 4051. Suppose -3*b - b = -w. What is th